factors of 8253?
3, 7, 131
What are the prime factors of 12868?
2, 3217
List the prime factors of 2973.
3, 991
List the prime factors of 31131.
3, 1153
List the prime factors of 1447.
1447
What are the prime factors of 597?
3, 199
List the prime factors of 27935.
5, 37, 151
List the prime factors of 11922.
2, 3, 1987
List the prime factors of 3747.
3, 1249
What are the prime factors of 30196?
2, 7549
What are the prime factors of 8191?
8191
What are the prime factors of 38428?
2, 13, 739
What are the prime factors of 2948?
2, 11, 67
List the prime factors of 2706.
2, 3, 11, 41
What are the prime factors of 6402?
2, 3, 11, 97
List the prime factors of 2421.
3, 269
List the prime factors of 23259.
3, 7753
What are the prime factors of 40?
2, 5
List the prime factors of 2219.
7, 317
What are the prime factors of 923?
13, 71
What are the prime factors of 128211?
3, 42737
What are the prime factors of 16766?
2, 83, 101
List the prime factors of 12515.
5, 2503
List the prime factors of 90763.
17, 19, 281
What are the prime factors of 3987?
3, 443
List the prime factors of 5168.
2, 17, 19
List the prime factors of 16125.
3, 5, 43
What are the prime factors of 58085?
5, 11617
List the prime factors of 2702.
2, 7, 193
List the prime factors of 2507.
23, 109
What are the prime factors of 7559?
7559
What are the prime factors of 11590?
2, 5, 19, 61
List the prime factors of 2071.
19, 109
List the prime factors of 5502.
2, 3, 7, 131
List the prime factors of 205.
5, 41
List the prime factors of 9147.
3, 3049
List the prime factors of 101017.
7, 14431
List the prime factors of 18055.
5, 23, 157
What are the prime factors of 5205?
3, 5, 347
List the prime factors of 9379.
83, 113
List the prime factors of 2372.
2, 593
List the prime factors of 2600.
2, 5, 13
List the prime factors of 30191.
7, 19, 227
What are the prime factors of 1279?
1279
What are the prime factors of 27350?
2, 5, 547
List the prime factors of 517.
11, 47
List the prime factors of 1644.
2, 3, 137
List the prime factors of 1906.
2, 953
What are the prime factors of 507?
3, 13
What are the prime factors of 131968?
2, 1031
What are the prime factors of 4402?
2, 31, 71
What are the prime factors of 1646?
2, 823
List the prime factors of 8601.
3, 47, 61
List the prime factors of 3706.
2, 17, 109
What are the prime factors of 23693?
19, 29, 43
List the prime factors of 2375.
5, 19
List the prime factors of 29397.
3, 41, 239
What are the prime factors of 14474?
2, 7237
List the prime factors of 15845.
5, 3169
List the prime factors of 56.
2, 7
What are the prime factors of 5344?
2, 167
List the prime factors of 857.
857
What are the prime factors of 25827?
3, 8609
List the prime factors of 1206.
2, 3, 67
List the prime factors of 7168.
2, 7
What are the prime factors of 343?
7
List the prime factors of 58636.
2, 107, 137
What are the prime factors of 98119?
7, 107, 131
What are the prime factors of 19890?
2, 3, 5, 13, 17
List the prime factors of 5036.
2, 1259
List the prime factors of 43794.
2, 3, 811
List the prime factors of 100890.
2, 3, 5, 19, 59
What are the prime factors of 618?
2, 3, 103
What are the prime factors of 1298?
2, 11, 59
What are the prime factors of 1233?
3, 137
List the prime factors of 1285.
5, 257
List the prime factors of 11922.
2, 3, 1987
List the prime factors of 5596.
2, 1399
What are the prime factors of 1476?
2, 3, 41
List the prime factors of 1821.
3, 607
What are the prime factors of 395?
5, 79
What are the prime factors of 505?
5, 101
What are the prime factors of 1857?
3, 619
What are the prime factors of 11733?
3, 3911
What are the prime factors of 64139?
31, 2069
What are the prime factors of 93460?
2, 5, 4673
What are the prime factors of 10147?
73, 139
List the prime factors of 11282.
2, 5641
List the prime factors of 10302.
2, 3, 17, 101
List the prime factors of 53801.
11, 67, 73
What are the prime factors of 4559?
47, 97
List the prime factors of 8832.
2, 3, 23
What are the prime factors of 52448?
2, 11, 149
What are the prime factors of 1283?
1283
List the prime factors of 514.
2, 257
List the prime factors of 1023.
3, 11, 31
List the prime factors of 39045.
3, 5, 19, 137
What are the prime factors of 7349?
7349
List the prime factors of 88268.
2, 22067
What are the prime factors of 914?
2, 457
List the prime factors of 4787.
4787
What are the prime factors of 7802?
2, 47, 83
List the prime factors of 8767.
11, 797
List the prime factors of 1073.
29, 37
What are the prime factors of 7042?
2, 7, 503
List the prime factors of 503.
503
What are the prime factors of 6120?
2, 3, 5, 17
List the prime factors of 450.
2, 3, 5
What are the prime factors of 20565?
3, 5, 457
List the prime factors of 70305.
3, 5, 43, 109
List the prime factors of 1253.
7, 179
List the prime factors of 14323.
14323
List the prime factors of 18909.
3, 11, 191
List the prime factors of 3260.
2, 5, 163
List the prime factors of 45370.
2, 5, 13, 349
List the prime factors of 1745.
5, 349
List the prime factors of 44686.
2, 22343
List the prime factors of 13751.
13751
What are the prime factors of 52122?
2, 3, 7, 17, 73
What are the prime factors of 62705?
5, 12541
List the prime factors of 1297.
1297
What are the prime factors of 1690?
2, 5, 13
List the prime factors of 4585.
5, 7, 131
What are the prime factors of 7853?
7853
List the prime factors of 1320.
2, 3, 5, 11
List the prime factors of 1874.
2, 937
What are the prime factors of 437?
19, 23
List the prime factors of 564.
2, 3, 47
List the prime factors of 981.
3, 109
List the prime factors of 31547.
31547
List the prime factors of 6041.
7, 863
List the prime factors of 4913.
17
What are the prime factors of 307?
307
What are the prime factors of 23126?
2, 31, 373
List the prime factors of 685.
5, 137
List the prime factors of 2126.
2, 1063
What are the prime factors of 11284?
2, 7, 13, 31
List the prime factors of 3690.
2, 3, 5, 41
What are the prime factors of 1911?
3, 7, 13
What are the prime factors of 5498?
2, 2749
List the prime factors of 4137.
3, 7, 197
What are the prime factors of 9784?
2, 1223
List the prime factors of 1133.
11, 103
List the prime factors of 1096.
2, 137
What are the prime factors of 29598?
2, 3, 4933
List the prime factors of 804.
2, 3, 67
List the prime factors of 685.
5, 137
What are the prime factors of 2209?
47
What are the prime factors of 3998?
2, 1999
What are the prime factors of 47689?
103, 463
List the prime factors of 2514.
2, 3, 419
What are the prime factors of 489?
3, 163
What are the prime factors of 49202?
2, 73, 337
List the prime factors of 6490.
2, 5, 11, 59
What are the prime factors of 10263?
3, 11, 311
List the prime factors of 2673.
3, 11
What are the prime factors of 68?
2, 17
What are the prime factors of 70517?
151, 467
List the prime factors of 6946.
2, 23, 151
List the prime factors of 9535.
5, 1907
List the prime factors of 890.
2, 5, 89
What are the prime factors of 25467?
3, 13, 653
What are the prime factors of 714?
2, 3, 7, 17
List the prime factors of 42092.
2, 17, 619
What are the prime factors of 382?
2, 191
What are the prime factors of 1001?
7, 11, 13
List the prime factors of 621.
3, 23
List the prime factors of 15438.
2, 3, 31, 83
List the prime factors of 615.
3, 5, 41
List the prime factors of 18578.
2, 7, 1327
List the prime factors of 3536.
2, 13, 17
What are the prime factors of 27930?
2, 3, 5, 7, 19
List the prime factors of 10371.
3, 3457
What are the prime factors of 2388?
2, 3, 199
List the prime factors of 45719.
131, 349
What are the prime factors of 1675?
5, 67
What are the prime factors of 47641?
11, 61, 71
List the prime factors of 6097.
7, 13, 67
List the prime factors of 11855.
5, 2371
List the prime factors of 13403.
13, 1031
What are the prime factors of 162113?
7, 23159
List the prime factors of 3988.
2, 997
List the prime factors of 32171.
53, 607
What are the prime factors of 1728?
2, 3
List the prime factors of 52786.
2, 26393
What are the prime factors of 1320?
2, 3, 5, 11
What are the prime factors of 3537?
3, 131
What are the prime factors of 409?
409
List the prime factors of 96946.
2, 48473
What are the prime factors of 2693?
2693
What are the prime factors of 5059?
5059
What are the prime factors of 12406?
2, 6203
What are the p